 167
List the prime factors of 389968.
2, 24373
List the prime factors of 172195.
5, 34439
What are the prime factors of 1225122?
2, 3, 17, 12011
What are the prime factors of 17499307?
7, 17, 307, 479
What are the prime factors of 222824?
2, 7, 23, 173
List the prime factors of 1720591.
1720591
List the prime factors of 108122.
2, 7, 7723
List the prime factors of 6863343.
3, 29, 78889
What are the prime factors of 7445238?
2, 3, 23, 53951
What are the prime factors of 802821?
3, 41, 61, 107
What are the prime factors of 2712621?
3, 904207
List the prime factors of 1845970.
2, 5, 7, 26371
List the prime factors of 1333123.
11, 17, 7129
What are the prime factors of 235443?
3, 13, 6037
What are the prime factors of 2354214?
2, 3, 19, 107, 193
What are the prime factors of 309843?
3, 173, 199
What are the prime factors of 1800370?
2, 5, 11, 13, 1259
What are the prime factors of 40771?
40771
List the prime factors of 123875.
5, 991
What are the prime factors of 287934?
2, 3, 37, 1297
What are the prime factors of 407738?
2, 203869
List the prime factors of 1996665.
3, 5, 11, 12101
List the prime factors of 379624.
2, 7, 6779
What are the prime factors of 9455548?
2, 997, 2371
What are the prime factors of 70321?
70321
List the prime factors of 299638.
2, 233, 643
What are the prime factors of 37923?
3, 12641
List the prime factors of 140849.
61, 2309
List the prime factors of 2090762.
2, 17, 61493
List the prime factors of 12514830.
2, 3, 5, 417161
What are the prime factors of 19532818?
2, 37, 263957
What are the prime factors of 18790384?
2, 1174399
List the prime factors of 2965413.
3, 11, 23, 3907
List the prime factors of 31466.
2, 15733
What are the prime factors of 1681537?
11, 13, 1069
List the prime factors of 8324327.
11, 43, 17599
List the prime factors of 2736376.
2, 342047
What are the prime factors of 396358?
2, 198179
List the prime factors of 353864.
2, 7, 71, 89
List the prime factors of 484551.
3, 17, 3167
What are the prime factors of 323452?
2, 80863
What are the prime factors of 3928308?
2, 3, 23, 43, 331
List the prime factors of 4658494.
2, 31, 227, 331
List the prime factors of 3679077.
3, 109, 11251
What are the prime factors of 4962699?
3, 7, 37, 2129
List the prime factors of 349739.
13, 26903
What are the prime factors of 567974?
2, 11, 2347
What are the prime factors of 442656?
2, 3, 29, 53
What are the prime factors of 522873?
3, 13, 41, 109
List the prime factors of 153725.
5, 11, 13, 43
List the prime factors of 25296.
2, 3, 17, 31
What are the prime factors of 298611?
3, 33179
What are the prime factors of 191842?
2, 7, 71, 193
What are the prime factors of 528413?
528413
What are the prime factors of 204602?
2, 102301
List the prime factors of 259382.
2, 53, 2447
What are the prime factors of 8096946?
2, 3, 11, 13, 9437
What are the prime factors of 17224253?
17224253
What are the prime factors of 181091?
47, 3853
List the prime factors of 1141249.
53, 61, 353
List the prime factors of 3004550.
2, 5, 60091
List the prime factors of 32108.
2, 23, 349
List the prime factors of 444084.
2, 3, 23, 1609
What are the prime factors of 2338157?
23, 277, 367
List the prime factors of 3599279.
3599279
What are the prime factors of 50689?
173, 293
List the prime factors of 4299345.
3, 5, 31847
List the prime factors of 473183.
83, 5701
What are the prime factors of 223098?
2, 3, 19, 103
List the prime factors of 8575755.
3, 5, 571717
What are the prime factors of 863254?
2, 7, 197, 313
What are the prime factors of 11241309?
3, 337, 11119
What are the prime factors of 819041?
673, 1217
List the prime factors of 569496.
2, 3, 61, 389
List the prime factors of 160614.
2, 3, 8923
What are the prime factors of 2381386?
2, 7, 170099
List the prime factors of 620385.
3, 5, 59, 701
List the prime factors of 579397.
7, 13, 6367
What are the prime factors of 133865?
5, 41, 653
List the prime factors of 2305539.
3, 113, 2267
List the prime factors of 2017371.
3, 211, 3187
List the prime factors of 369141.
3, 29, 4243
What are the prime factors of 9905960?
2, 5, 247649
List the prime factors of 22809554.
2, 11404777
List the prime factors of 847532.
2, 7, 30269
What are the prime factors of 15389861?
15389861
What are the prime factors of 654949?
19, 34471
List the prime factors of 3507791.
7, 313, 1601
List the prime factors of 2369579.
17, 139387
List the prime factors of 98563.
98563
What are the prime factors of 113297?
19, 67, 89
What are the prime factors of 14360649?
3, 4786883
What are the prime factors of 783265?
5, 7, 23, 139
What are the prime factors of 43740?
2, 3, 5
What are the prime factors of 17459061?
3, 67, 86861
List the prime factors of 10111642.
2, 31, 5261
List the prime factors of 72921.
3, 109, 223
What are the prime factors of 38925?
3, 5, 173
What are the prime factors of 3431548?
2, 103, 8329
List the prime factors of 220526.
2, 71, 1553
List the prime factors of 4143982.
2, 2071991
List the prime factors of 2641904.
2, 163, 1013
List the prime factors of 1998496.
2, 19, 173
List the prime factors of 179486.
2, 17, 5279
What are the prime factors of 1166366?
2, 173, 3371
What are the prime factors of 357606?
2, 3, 19867
What are the prime factors of 762122?
2, 381061
What are the prime factors of 1184652?
2, 3, 7, 1567
What are the prime factors of 8392?
2, 1049
List the prime factors of 154724.
2, 47, 823
What are the prime factors of 1554147?
3, 7, 2741
List the prime factors of 3924613.
7, 11, 50969
List the prime factors of 17128900.
2, 5, 103, 1663
What are the prime factors of 2255154?
2, 3, 11, 47, 727
What are the prime factors of 115941?
3, 7, 5521
What are the prime factors of 358346?
2, 179173
List the prime factors of 413245.
5, 7, 11807
List the prime factors of 21408764.
2, 13, 411707
List the prime factors of 7658571.
3, 2552857
List the prime factors of 308213.
308213
List the prime factors of 2871834.
2, 3, 7, 101, 677
What are the prime factors of 240159?
3, 17, 277
List the prime factors of 615931.
29, 67, 317
List the prime factors of 340320.
2, 3, 5, 709
List the prime factors of 626298.
2, 3, 104383
What are the prime factors of 6172979?
2207, 2797
List the prime factors of 10736409.
3, 29, 123407
List the prime factors of 690663.
3, 230221
List the prime factors of 8336719.
47, 89, 1993
What are the prime factors of 28243718?
2, 347, 40697
What are the prime factors of 123818?
2, 61909
What are the prime factors of 151537?
151537
What are the prime factors of 152534?
2, 53, 1439
What are the prime factors of 11568690?
2, 3, 5, 7, 6121
What are the prime factors of 22120716?
2, 3, 53, 34781
List the prime factors of 3538440.
2, 3, 5, 9829
What are the prime factors of 612996?
2, 3, 23, 2221
List the prime factors of 109464.
2, 3, 4561
List the prime factors of 125768.
2, 79, 199
List the prime factors of 1441057.
1441057
List the prime factors of 2884313.
53, 54421
What are the prime factors of 1360051?
7, 11, 17, 1039
List the prime factors of 12649.
7, 13, 139
What are the prime factors of 1245661?
179, 6959
List the prime factors of 4909397.
163, 30119
What are the prime factors of 25553942?
2, 73, 181, 967
List the prime factors of 9299124.
2, 3, 1063
List the prime factors of 2543624.
2, 109, 2917
List the prime factors of 391846.
2, 7, 13, 2153
What are the prime factors of 207683?
7, 29669
List the prime factors of 11105635.
5, 2221127
What are the prime factors of 7797704?
2, 974713
List the prime factors of 8391362.
2, 7, 599383
List the prime factors of 1261164.
2, 3, 105097
What are the prime factors of 257251?
173, 1487
List the prime factors of 849083.
849083
What are the prime factors of 27291377?
31, 880367
List the prime factors of 621199.
47, 13217
List the prime factors of 1860678.
2, 3, 34457
What are the prime factors of 509878?
2, 29, 59, 149
What are the prime factors of 1378075?
5, 199, 277
List the prime factors of 1297818.
2, 3, 72101
What are the prime factors of 2364395?
5, 11, 42989
What are the prime factors of 2389625?
5, 7, 2731
List the prime factors of 173935.
5, 43, 809
List the prime factors of 106750.
2, 5, 7, 61
List the prime factors of 216333.
3, 13, 43
What are the prime factors of 951111?
3, 7, 31, 487
List the prime factors of 1422633.
3,